{"id":1208,"date":"2020-09-06T18:38:57","date_gmt":"2020-09-06T16:38:57","guid":{"rendered":"http:\/\/aquasub78.fr\/WordPress3\/?page_id=1208"},"modified":"2023-07-16T21:55:08","modified_gmt":"2023-07-16T19:55:08","slug":"theorie-cours","status":"publish","type":"page","link":"http:\/\/aquasub78.fr\/WordPress3\/?page_id=1208","title":{"rendered":"Th\u00e9orie (Cours)"},"content":{"rendered":"\n<p>M\u00eame si nous privil\u00e9gions tous autant que possible les cours dans l&rsquo;eau, quelques cours un peu plus th\u00e9oriques se d\u00e9roulent en salle et permettent au sec d&rsquo;augmenter nos connaissances.<\/p>\n\n\n\n<p>Et pour vous assurer un peu de lecture ou vous permettre aussi de r\u00e9viser, voici les fichiers de diapositives utilis\u00e9s par vos moniteurs au cours de la saison.<\/p>\n\n\n\n<p>N&rsquo;h\u00e9sitez pas \u00e0 poser vos questions s&rsquo;il en reste.<\/p>\n\n\n\n<p><\/p>\n\n\n\n<p><strong>Cours Th\u00e9oriques N1:<\/strong><\/p>\n\n\n\n<p><\/p>\n\n\n\n<p><strong>Cours Th\u00e9oriques N2:<\/strong><\/p>\n\n\n\n<div data-wp-interactive=\"core\/file\" class=\"wp-block-file\"><object data-wp-bind--hidden=\"!state.hasPdfPreview\"  class=\"wp-block-file__embed\" data=\"http:\/\/aquasub78.fr\/WordPress3\/wp-content\/uploads\/2022\/04\/synthese_Bio_protection_milieu.pdf\" type=\"application\/pdf\" style=\"width:100%;height:600px\" aria-label=\"Contenu embarqu\u00e9 synth\u00e8se_Bio_protection_milieu.\"><\/object><a id=\"wp-block-file--media-fd90afe9-7877-4f76-94ec-5356c7fbe988\" href=\"http:\/\/aquasub78.fr\/WordPress3\/wp-content\/uploads\/2022\/04\/synthese_Bio_protection_milieu.pdf\">synth\u00e8se_Bio_protection_milieu<\/a><a href=\"http:\/\/aquasub78.fr\/WordPress3\/wp-content\/uploads\/2022\/04\/synthese_Bio_protection_milieu.pdf\" class=\"wp-block-file__button wp-element-button\" download aria-describedby=\"wp-block-file--media-fd90afe9-7877-4f76-94ec-5356c7fbe988\">T\u00e9l\u00e9charger<\/a><\/div>\n\n\n\n<div data-wp-interactive=\"core\/file\" class=\"wp-block-file\"><object data-wp-bind--hidden=\"!state.hasPdfPreview\"  class=\"wp-block-file__embed\" data=\"http:\/\/aquasub78.fr\/WordPress3\/wp-content\/uploads\/2022\/04\/Tables-n\u00b02.pdf\" type=\"application\/pdf\" style=\"width:100%;height:600px\" aria-label=\"Contenu embarqu\u00e9 Tables n\u00b02.\"><\/object><a id=\"wp-block-file--media-b225b70f-2272-4906-8efd-6c4189ff4bab\" href=\"http:\/\/aquasub78.fr\/WordPress3\/wp-content\/uploads\/2022\/04\/Tables-n\u00b02.pdf\">Tables n\u00b02<\/a><a href=\"http:\/\/aquasub78.fr\/WordPress3\/wp-content\/uploads\/2022\/04\/Tables-n\u00b02.pdf\" class=\"wp-block-file__button wp-element-button\" download aria-describedby=\"wp-block-file--media-b225b70f-2272-4906-8efd-6c4189ff4bab\">T\u00e9l\u00e9charger<\/a><\/div>\n\n\n\n<div data-wp-interactive=\"core\/file\" class=\"wp-block-file\"><object data-wp-bind--hidden=\"!state.hasPdfPreview\"  class=\"wp-block-file__embed\" data=\"http:\/\/aquasub78.fr\/WordPress3\/wp-content\/uploads\/2022\/02\/20220119_Tables_MN90_.pdf\" type=\"application\/pdf\" style=\"width:100%;height:600px\" aria-label=\"Contenu embarqu\u00e9 20220119_Tables_MN90_.\"><\/object><a id=\"wp-block-file--media-545fad30-4a17-400b-9cfc-36186e23aaf9\" href=\"http:\/\/aquasub78.fr\/WordPress3\/wp-content\/uploads\/2022\/02\/20220119_Tables_MN90_.pdf\">20220119_Tables_MN90_<\/a><a href=\"http:\/\/aquasub78.fr\/WordPress3\/wp-content\/uploads\/2022\/02\/20220119_Tables_MN90_.pdf\" class=\"wp-block-file__button wp-element-button\" download aria-describedby=\"wp-block-file--media-545fad30-4a17-400b-9cfc-36186e23aaf9\">T\u00e9l\u00e9charger<\/a><\/div>\n\n\n\n<div data-wp-interactive=\"core\/file\" class=\"wp-block-file\"><object data-wp-bind--hidden=\"!state.hasPdfPreview\"  class=\"wp-block-file__embed\" data=\"http:\/\/aquasub78.fr\/WordPress3\/wp-content\/uploads\/2022\/02\/MN90_Mode_Emploi.pdf\" type=\"application\/pdf\" style=\"width:100%;height:600px\" aria-label=\"Contenu embarqu\u00e9 MN90_Mode_Emploi.\"><\/object><a id=\"wp-block-file--media-1839339e-e90a-4970-b986-edc1a209c9ab\" href=\"http:\/\/aquasub78.fr\/WordPress3\/wp-content\/uploads\/2022\/02\/MN90_Mode_Emploi.pdf\">MN90_Mode_Emploi<\/a><a href=\"http:\/\/aquasub78.fr\/WordPress3\/wp-content\/uploads\/2022\/02\/MN90_Mode_Emploi.pdf\" class=\"wp-block-file__button wp-element-button\" download aria-describedby=\"wp-block-file--media-1839339e-e90a-4970-b986-edc1a209c9ab\">T\u00e9l\u00e9charger<\/a><\/div>\n\n\n\n<div data-wp-interactive=\"core\/file\" class=\"wp-block-file\"><object data-wp-bind--hidden=\"!state.hasPdfPreview\"  class=\"wp-block-file__embed\" data=\"http:\/\/aquasub78.fr\/WordPress3\/wp-content\/uploads\/2022\/02\/20220202_OrganisationOrientation.pdf\" type=\"application\/pdf\" style=\"width:100%;height:600px\" aria-label=\"Contenu embarqu\u00e9 20220202_OrganisationOrientation.\"><\/object><a id=\"wp-block-file--media-9b39e2ef-ccfc-4552-950c-0bfe11cd80f4\" href=\"http:\/\/aquasub78.fr\/WordPress3\/wp-content\/uploads\/2022\/02\/20220202_OrganisationOrientation.pdf\">20220202_OrganisationOrientation<\/a><a href=\"http:\/\/aquasub78.fr\/WordPress3\/wp-content\/uploads\/2022\/02\/20220202_OrganisationOrientation.pdf\" class=\"wp-block-file__button wp-element-button\" download aria-describedby=\"wp-block-file--media-9b39e2ef-ccfc-4552-950c-0bfe11cd80f4\">T\u00e9l\u00e9charger<\/a><\/div>\n\n\n\n<div data-wp-interactive=\"core\/file\" class=\"wp-block-file\"><object data-wp-bind--hidden=\"!state.hasPdfPreview\"  class=\"wp-block-file__embed\" data=\"http:\/\/aquasub78.fr\/WordPress3\/wp-content\/uploads\/2022\/02\/20220119_Materiel.pdf\" type=\"application\/pdf\" style=\"width:100%;height:600px\" aria-label=\"Contenu embarqu\u00e9 20220119_Mat\u00e9riel.\"><\/object><a id=\"wp-block-file--media-d28469d5-2c01-4bb6-8df7-c9b490c32e54\" href=\"http:\/\/aquasub78.fr\/WordPress3\/wp-content\/uploads\/2022\/02\/20220119_Materiel.pdf\">20220119_Mat\u00e9riel<\/a><a href=\"http:\/\/aquasub78.fr\/WordPress3\/wp-content\/uploads\/2022\/02\/20220119_Materiel.pdf\" class=\"wp-block-file__button wp-element-button\" download aria-describedby=\"wp-block-file--media-d28469d5-2c01-4bb6-8df7-c9b490c32e54\">T\u00e9l\u00e9charger<\/a><\/div>\n\n\n\n<p><\/p>\n\n\n\n<div data-wp-interactive=\"core\/file\" class=\"wp-block-file\"><object data-wp-bind--hidden=\"!state.hasPdfPreview\"  class=\"wp-block-file__embed\" data=\"http:\/\/aquasub78.fr\/WordPress3\/wp-content\/uploads\/2022\/01\/20220105_Acc_Biochimiques.pdf\" type=\"application\/pdf\" style=\"width:100%;height:600px\" aria-label=\"Contenu embarqu\u00e9 20220105_Acc_Biochimiques.\"><\/object><a id=\"wp-block-file--media-8e5c6260-3c75-421b-b488-f30e43cc7ab2\" href=\"http:\/\/aquasub78.fr\/WordPress3\/wp-content\/uploads\/2022\/01\/20220105_Acc_Biochimiques.pdf\">20220105_Acc_Biochimiques<\/a><a href=\"http:\/\/aquasub78.fr\/WordPress3\/wp-content\/uploads\/2022\/01\/20220105_Acc_Biochimiques.pdf\" class=\"wp-block-file__button wp-element-button\" download aria-describedby=\"wp-block-file--media-8e5c6260-3c75-421b-b488-f30e43cc7ab2\">T\u00e9l\u00e9charger<\/a><\/div>\n\n\n\n<div data-wp-interactive=\"core\/file\" class=\"wp-block-file\"><object data-wp-bind--hidden=\"!state.hasPdfPreview\"  class=\"wp-block-file__embed\" data=\"http:\/\/aquasub78.fr\/WordPress3\/wp-content\/uploads\/2021\/12\/202112_C2-N23-La-VisionlAudition-ss-lEau-n2-n3-Aquasub78-2021.pdf\" type=\"application\/pdf\" style=\"width:100%;height:600px\" aria-label=\"Contenu embarqu\u00e9 202112_C2-N2&amp;3-La-Vision&amp;l'Audition-ss- l'Eau-n2-n3-Aquasub78-2021.\"><\/object><a id=\"wp-block-file--media-c1eb6efa-5d80-47a0-b677-e0a33267432b\" href=\"http:\/\/aquasub78.fr\/WordPress3\/wp-content\/uploads\/2021\/12\/202112_C2-N23-La-VisionlAudition-ss-lEau-n2-n3-Aquasub78-2021.pdf\">202112_C2-N2&amp;3-La-Vision&amp;l&rsquo;Audition-ss- l&rsquo;Eau-n2-n3-Aquasub78-2021<\/a><a href=\"http:\/\/aquasub78.fr\/WordPress3\/wp-content\/uploads\/2021\/12\/202112_C2-N23-La-VisionlAudition-ss-lEau-n2-n3-Aquasub78-2021.pdf\" class=\"wp-block-file__button wp-element-button\" download aria-describedby=\"wp-block-file--media-c1eb6efa-5d80-47a0-b677-e0a33267432b\">T\u00e9l\u00e9charger<\/a><\/div>\n\n\n\n<div data-wp-interactive=\"core\/file\" class=\"wp-block-file\"><object data-wp-bind--hidden=\"!state.hasPdfPreview\"  class=\"wp-block-file__embed\" data=\"http:\/\/aquasub78.fr\/WordPress3\/wp-content\/uploads\/2021\/12\/202111_C1-N23-reglementation-2021.pdf\" type=\"application\/pdf\" style=\"width:100%;height:460px\" aria-label=\"Contenu embarqu\u00e9 202111_C1-N2&amp;3-reglementation-2021.\"><\/object><a id=\"wp-block-file--media-665eec23-e38d-4986-98c9-dce7d5798596\" href=\"http:\/\/aquasub78.fr\/WordPress3\/wp-content\/uploads\/2021\/12\/202111_C1-N23-reglementation-2021.pdf\">202111_C1-N2&amp;3-reglementation-2021<\/a><a href=\"http:\/\/aquasub78.fr\/WordPress3\/wp-content\/uploads\/2021\/12\/202111_C1-N23-reglementation-2021.pdf\" class=\"wp-block-file__button wp-element-button\" download aria-describedby=\"wp-block-file--media-665eec23-e38d-4986-98c9-dce7d5798596\">T\u00e9l\u00e9charger<\/a><\/div>\n\n\n\n<div class=\"wp-block-file\"><a id=\"wp-block-file--media-16af023a-060c-4e26-b3d2-553ed4899f4f\" href=\"http:\/\/aquasub78.fr\/WordPress3\/wp-content\/uploads\/2020\/12\/20201205_C1-N23-reglementation.pdf\">20201205_C1- N2&amp;3 &#8211; r\u00e9glementation<\/a><a href=\"http:\/\/aquasub78.fr\/WordPress3\/wp-content\/uploads\/2020\/12\/20201205_C1-N23-reglementation.pdf\" class=\"wp-block-file__button wp-element-button\" download aria-describedby=\"wp-block-file--media-16af023a-060c-4e26-b3d2-553ed4899f4f\">T\u00e9l\u00e9charger<\/a><\/div>\n\n\n\n<div class=\"wp-block-file\"><a id=\"wp-block-file--media-070ba439-99d7-4a6b-b960-c8184e3298d6\" href=\"http:\/\/aquasub78.fr\/WordPress3\/wp-content\/uploads\/2021\/01\/20200106_C2-N2N3-Acc_Biochimiques.pdf\">20200106_C2-N2&amp;N3-Acc_Biochimiques<\/a><a href=\"http:\/\/aquasub78.fr\/WordPress3\/wp-content\/uploads\/2021\/01\/20200106_C2-N2N3-Acc_Biochimiques.pdf\" class=\"wp-block-file__button wp-element-button\" download aria-describedby=\"wp-block-file--media-070ba439-99d7-4a6b-b960-c8184e3298d6\">T\u00e9l\u00e9charger<\/a><\/div>\n\n\n\n<div class=\"wp-block-file\"><a id=\"wp-block-file--media-fd2555df-24bb-4941-ac71-ae903ed4e494\" href=\"http:\/\/aquasub78.fr\/WordPress3\/wp-content\/uploads\/2021\/01\/20200120_C3-N2N3-pression-vision-son.pdf\">20200120_C3- N2&amp;N3 &#8211; pression &#8211; vision &#8211; son<\/a><a href=\"http:\/\/aquasub78.fr\/WordPress3\/wp-content\/uploads\/2021\/01\/20200120_C3-N2N3-pression-vision-son.pdf\" class=\"wp-block-file__button wp-element-button\" download aria-describedby=\"wp-block-file--media-fd2555df-24bb-4941-ac71-ae903ed4e494\">T\u00e9l\u00e9charger<\/a><\/div>\n\n\n\n<div class=\"wp-block-file\"><a id=\"wp-block-file--media-211567c8-e0d7-4316-be7a-5d1e115fa40e\" href=\"http:\/\/aquasub78.fr\/WordPress3\/wp-content\/uploads\/2021\/02\/20200203_C4-N23-Barotraumatismes_et_ADD_presentation.pdf\">20200203_C4 -N2&amp;3-Barotraumatismes_et_ADD_pr\u00e9sentation<\/a><a href=\"http:\/\/aquasub78.fr\/WordPress3\/wp-content\/uploads\/2021\/02\/20200203_C4-N23-Barotraumatismes_et_ADD_presentation.pdf\" class=\"wp-block-file__button wp-element-button\" download aria-describedby=\"wp-block-file--media-211567c8-e0d7-4316-be7a-5d1e115fa40e\">T\u00e9l\u00e9charger<\/a><\/div>\n\n\n\n<p><\/p>\n<div class='shareinpost'><ul class=\"socialwrap row\"><li class=\"iconOnly\"><a  rel='nofollow'  target='_blank'  title='Bookmark this post : Th\u00e9orie (Cours) on Delicious'  href='http:\/\/delicious.com\/post?url=http%3A%2F%2Faquasub78.fr%2FWordPress3%2F%3Fpage_id%3D1208&amp;title=Th%C3%A9orie+%28Cours%29'  ><img  src='http:\/\/aquasub78.fr\/WordPress3\/wp-content\/plugins\/share-and-follow\/images\/blank.gif'  height='32' width='32'  class='image-32' alt='delicious'  style='background: transparent url(http:\/\/aquasub78.fr\/WordPress3\/wp-content\/plugins\/share-and-follow\/default\/32\/sprite-feb-32.png) no-repeat;padding:0;margin:0;height:32px;width:32px;background-position:-231px 0px'   \/> <span class=\"head\">Bookmark on Delicious<\/span><\/a><\/li><li class=\"iconOnly\"><a  rel='nofollow'  target='_blank'  title='Digg this post : Th\u00e9orie (Cours)'  href='http:\/\/digg.com\/submit?url=http%3A%2F%2Faquasub78.fr%2FWordPress3%2F%3Fpage_id%3D1208&amp;title=Th%C3%A9orie+%28Cours%29&amp;bodytext=%0AM%C3%AAme+si+nous+privil%C3%A9gions+tous+autant+que+possible+les+cours+dans+l%27eau%2C+quelques+cours+un+peu+plus+th%C3%A9oriques+se+d%C3%A9roulent+en+salle+et+permettent+au+sec+d%27augmenter+nos+connaissances.%0A%0A%0A%0AEt+pour+vous+assurer+un+peu+de+lecture+ou+vous+permettre+aussi+de+r%C3%A9viser%2C+voici+les+fichiers+de+diapositives+utilis%C3%A9s+par+vo'  ><img  src='http:\/\/aquasub78.fr\/WordPress3\/wp-content\/plugins\/share-and-follow\/images\/blank.gif'  height='32' width='32'  class='image-32' alt='digg'  style='background: transparent url(http:\/\/aquasub78.fr\/WordPress3\/wp-content\/plugins\/share-and-follow\/default\/32\/sprite-feb-32.png) no-repeat;padding:0;margin:0;height:32px;width:32px;background-position:-297px 0px'   \/> <span class=\"head\">Digg this post<\/span><\/a><\/li><li class=\"iconOnly\"><a  rel='nofollow'  target='_blank'  title='Recommend this post : Th\u00e9orie (Cours) on Facebook'  href='http:\/\/www.facebook.com\/sharer.php?u=http%3A%2F%2Faquasub78.fr%2FWordPress3%2F%3Fpage_id%3D1208&amp;t=Th%C3%A9orie+%28Cours%29'  ><img  src='http:\/\/aquasub78.fr\/WordPress3\/wp-content\/plugins\/share-and-follow\/images\/blank.gif'  height='32' width='32'  class='image-32' alt='facebook'  style='background: transparent url(http:\/\/aquasub78.fr\/WordPress3\/wp-content\/plugins\/share-and-follow\/default\/32\/sprite-feb-32.png) no-repeat;padding:0;margin:0;height:32px;width:32px;background-position:-396px 0px'   \/> <span class=\"head\">Recommend on Facebook<\/span><\/a><\/li><li class=\"iconOnly\"><a  rel='nofollow'  target='_blank'  title='Share this post : Th\u00e9orie (Cours) on Reddit'  href='http:\/\/www.reddit.com\/submit?url=http%3A%2F%2Faquasub78.fr%2FWordPress3%2F%3Fpage_id%3D1208&amp;title=Th%C3%A9orie+%28Cours%29'  ><img  src='http:\/\/aquasub78.fr\/WordPress3\/wp-content\/plugins\/share-and-follow\/images\/blank.gif'  height='32' width='32'  class='image-32' alt='reddit'  style='background: transparent url(http:\/\/aquasub78.fr\/WordPress3\/wp-content\/plugins\/share-and-follow\/default\/32\/sprite-feb-32.png) no-repeat;padding:0;margin:0;height:32px;width:32px;background-position:-1749px 0px'   \/> <span class=\"head\">share via Reddit<\/span><\/a><\/li><li class=\"iconOnly\"><a  rel='nofollow'  target='_blank'  title='Share this post : Th\u00e9orie (Cours) with Stumblers'  href='http:\/\/www.stumbleupon.com\/submit?url=http%3A%2F%2Faquasub78.fr%2FWordPress3%2F%3Fpage_id%3D1208&amp;title=Th%C3%A9orie+%28Cours%29'  ><img  src='http:\/\/aquasub78.fr\/WordPress3\/wp-content\/plugins\/share-and-follow\/images\/blank.gif'  height='32' width='32'  class='image-32' alt='stumble'  style='background: transparent url(http:\/\/aquasub78.fr\/WordPress3\/wp-content\/plugins\/share-and-follow\/default\/32\/sprite-feb-32.png) no-repeat;padding:0;margin:0;height:32px;width:32px;background-position:-1980px 0px'   \/> <span class=\"head\">Share with Stumblers<\/span><\/a><\/li><li class=\"iconOnly\"><a  rel='nofollow'  target='_blank'  title='Tweet this post : Th\u00e9orie (Cours) on Twitter'  href=\"http:\/\/twitter.com\/share?url=http%3A%2F%2Faquasub78.fr%2FWordPress3%2F%3Fpage_id%3D1208&amp;text=\"  ><img  src='http:\/\/aquasub78.fr\/WordPress3\/wp-content\/plugins\/share-and-follow\/images\/blank.gif'  height='32' width='32'  class='image-32' alt='twitter'  style='background: transparent url(http:\/\/aquasub78.fr\/WordPress3\/wp-content\/plugins\/share-and-follow\/default\/32\/sprite-feb-32.png) no-repeat;padding:0;margin:0;height:32px;width:32px;background-position:-132px -33px'   \/> <span class=\"head\">Tweet about it<\/span><\/a><\/li><li class=\"iconOnly\"><a rel=\"_self\" href=\"http:\/\/aquasub78.fr\/WordPress3\/?page_id=1208&feed=rss2\" title=\"Follow this post : Th\u00e9orie (Cours) comments\"><img loading=\"lazy\" decoding=\"async\" src=\"http:\/\/aquasub78.fr\/WordPress3\/wp-content\/plugins\/share-and-follow\/images\/blank.gif\" height=\"32\"  width=\"32\" style=\"background: transparent url(http:\/\/aquasub78.fr\/WordPress3\/wp-content\/plugins\/share-and-follow\/default\/32\/sprite-feb-32.png) no-repeat;padding:0;margin:0;height:32px;width:32px;background-position:-1782px 0px\" class=\"image-32\"  alt=\"rss\" \/> <span class=\"head\">Subscribe to the comments on this post<\/span><\/a><\/li><\/ul><div class=\"clean\"><\/div> <\/div>","protected":false},"excerpt":{"rendered":"<p>M\u00eame si nous privil\u00e9gions tous autant que possible les cours dans l&rsquo;eau, quelques cours un peu plus th\u00e9oriques se d\u00e9roulent en salle et permettent au sec d&rsquo;augmenter nos connaissances. Et pour vous assurer un peu de lecture ou vous permettre aussi de r\u00e9viser, voici les fichiers de diapositives utilis\u00e9s par vos moniteurs au cours de [&hellip;]<\/p>\n","protected":false},"author":1,"featured_media":0,"parent":0,"menu_order":0,"comment_status":"closed","ping_status":"closed","template":"","meta":{"footnotes":""},"_links":{"self":[{"href":"http:\/\/aquasub78.fr\/WordPress3\/index.php?rest_route=\/wp\/v2\/pages\/1208"}],"collection":[{"href":"http:\/\/aquasub78.fr\/WordPress3\/index.php?rest_route=\/wp\/v2\/pages"}],"about":[{"href":"http:\/\/aquasub78.fr\/WordPress3\/index.php?rest_route=\/wp\/v2\/types\/page"}],"author":[{"embeddable":true,"href":"http:\/\/aquasub78.fr\/WordPress3\/index.php?rest_route=\/wp\/v2\/users\/1"}],"replies":[{"embeddable":true,"href":"http:\/\/aquasub78.fr\/WordPress3\/index.php?rest_route=%2Fwp%2Fv2%2Fcomments&post=1208"}],"version-history":[{"count":22,"href":"http:\/\/aquasub78.fr\/WordPress3\/index.php?rest_route=\/wp\/v2\/pages\/1208\/revisions"}],"predecessor-version":[{"id":1808,"href":"http:\/\/aquasub78.fr\/WordPress3\/index.php?rest_route=\/wp\/v2\/pages\/1208\/revisions\/1808"}],"wp:attachment":[{"href":"http:\/\/aquasub78.fr\/WordPress3\/index.php?rest_route=%2Fwp%2Fv2%2Fmedia&parent=1208"}],"curies":[{"name":"wp","href":"https:\/\/api.w.org\/{rel}","templated":true}]}}