{"id":169,"date":"2012-08-01T16:14:10","date_gmt":"2012-08-01T14:14:10","guid":{"rendered":"http:\/\/aquasub78.fr\/WordPress3\/?page_id=169"},"modified":"2021-07-01T19:31:01","modified_gmt":"2021-07-01T17:31:01","slug":"2-niveau-2-ffessm","status":"publish","type":"page","link":"http:\/\/aquasub78.fr\/WordPress3\/?page_id=169","title":{"rendered":"Niveau 2 FFESSM"},"content":{"rendered":"<p style=\"text-align: left;\"><strong>Titulaire du brevet Plongeur Niveau 2 , vous pouvez partir plonger en autonomie relative jusqu&rsquo;\u00e0 20 m, avec d&rsquo;autres Niveaux 2.<\/strong><br \/>\n<strong>La zone des 40 m vous devient \u00e9galement accessible, accompagn\u00e9 par un guide de palanqu\u00e9e<\/strong>.<\/p>\n<p>Le Niveau 2 est le brevet qui vous permettra de pratiquer la plong\u00e9e en autonomie entre 0 et 20 m\u00e8tres avec d\u2019autres Niveaux 2, au sein d\u2019une structure agr\u00e9\u00e9e et sous responsabilit\u00e9 d\u2019un moniteur.<\/p>\n<p>Il formalisera l\u2019exp\u00e9rience que vous aurez acquise dans cette zone d\u2019\u00e9volution.<\/p>\n<p>Il vous permettra \u00e9galement d&rsquo;acc\u00e9der \u00e0 une nouvelle zone d\u2019\u00e9volution, celle des 40 m\u00e8tres, accompagn\u00e9 d\u2019un guide de palanqu\u00e9e.<\/p>\n<p>Les pr\u00e9rogatives, aff\u00e9rentes \u00e0 l\u2019obtention de cette qualification, vous seront accord\u00e9es partout en France, ainsi qu&rsquo;\u00e0 l\u2019\u00e9tranger.<\/p>\n<p>Cette qualification est ouverte \u00e0 toute personne, titulaire du Niveau 1 ( ou \u00e9quivalent ), en bonne sant\u00e9, \u00e2g\u00e9e au minimum de 16 ans, et qui d\u00e9sire \u00e9voluer autonome avec d&rsquo;autres plongeurs, \u00e0 l&rsquo;issue de cette formation.<br \/>\nAucune aptitude physique et sportive particuli\u00e8re n\u2019est requise.<\/p>\n<div id=\"imCel1_00\"><\/div>\n<div id=\"imCel0_02\">\n<div id=\"imCel0_02_Cont\">\n<div id=\"imObj0_02\">\n<p><span style=\"text-decoration: underline;\"><strong>La formation<\/strong><\/span> :<br \/>\nElle contient quelques s\u00e9ances th\u00e9oriques, afin d\u2019appr\u00e9hender les sp\u00e9cificit\u00e9s de la Plong\u00e9e en Autonomie, mais surtout des plong\u00e9es de formation pratique qui vous permettront d\u2019acqu\u00e9rir les techniques d\u2019assistance d\u2019un \u00e9quipier, de pr\u00e9vention des accidents, de gestion des proc\u00e9dures de d\u00e9compression, d\u2019orientation en plong\u00e9e.<\/p>\n<p>Une approche de la plong\u00e9e profonde sera \u00e9galement au programme lors de la d\u00e9couverte de votre nouvelle zone d\u2019\u00e9volution.<br \/>\nCette qualification \u00e9tant \u00ab continue \u00bb, chaque exercice correctement ex\u00e9cut\u00e9 est valid\u00e9 tant en th\u00e9orie qu\u2019en pratique. Il n\u2019y a pas d\u2019examen final.<br \/>\nCette prestation \u00e9tant \u00e0 la carte, il conviendra de d\u00e9finir un planning ensemble. Vous pourrez ainsi r\u00e9aliser cette formation \u00e0 votre rythme.<\/p>\n<p><span style=\"text-decoration: underline;\"><strong>Comp\u00e9tences \u00e0 valider<\/strong><\/span> :<br \/>\n. Adapter son \u00e9quipement, sa mise \u00e0 l&rsquo;eau aux diff\u00e9rentes conditions de plong\u00e9e<br \/>\n. Se d\u00e9placer avec son scaphandre sur environ 250 m (capel\u00e9 ou non)<br \/>\n. Ma\u00eetriser diff\u00e9rentes techniques d&rsquo;immersion<br \/>\n. R\u00e9aliser une immersion en apn\u00e9e, sur un fond compris entre 4 &amp; 6 m et parcourir environ 10 m.<br \/>\n. Descendre en pleine eau, avec scaphandre, sur un fond de 15 \u00e0 20 m<br \/>\n. Effectuer plusieurs cycles respiratoires, masque \u00f4t\u00e9, dans la zone des 20 m<br \/>\n. Ma\u00eetriser l&rsquo;utilisation individuelle du gilet stabilisateur.<br \/>\n. Ma\u00eetriser son \u00e9quilibre en situation de d\u00e9capelage \/ recapelage, d\u00e9placement d\u00e9capel\u00e9, &#8230;<br \/>\n. Se rep\u00e9rer en immersion et suivre le trajet d\u00e9fini par le directeur de plong\u00e9e<br \/>\n. \u00c9voluer en palanqu\u00e9e avec des plongeurs de m\u00eame niveau sans guide<br \/>\n. Respecter les caract\u00e9ristiques de l&rsquo;immersion d\u00e9finies par le directeur de plong\u00e9e<br \/>\n. Choisir et appliquer la proc\u00e9dure de remont\u00e9e<br \/>\n. Remonter jusqu&rsquo;au palier et s&rsquo;y signaler \u00e0 l&rsquo;aide d&rsquo;un parachute de palier<br \/>\n. Identifier les difficult\u00e9s d&rsquo;un de ses \u00e9quipiers, l&rsquo;assister jusqu&rsquo;\u00e0 ce qu&rsquo;il soit mis en s\u00e9curit\u00e9<\/p>\n<p>. Adapter sa technique \u00e0 la zone des 40 m<br \/>\n. Adapter sa communication \u00e0 la zone des 40 m<br \/>\n. Adapter son \u00e9quipement \u00e0 la zone des 40 m<br \/>\n. Analyser ses propres difficult\u00e9s dans la zone des 40 m et y r\u00e9agir<br \/>\n. Effectuer un palier dans diff\u00e9rentes situations<\/p>\n<p>. Conna\u00eetre des \u00e9l\u00e9ments de th\u00e9orie :<br \/>\nL&rsquo;environnement aquatique<br \/>\nL&rsquo;\u00e9quipement individuel du plongeur<br \/>\nLes risques en plong\u00e9e et leur pr\u00e9vention<br \/>\nLes proc\u00e9dures de remont\u00e9e<br \/>\nLe cadre r\u00e9glementaire de pratique du niveau 2<br \/>\nRisques et pr\u00e9vention en plong\u00e9e profonde<br \/>\nProc\u00e9dures de remont\u00e9e en plong\u00e9e profonde<br \/>\nD\u00e9roulement de la plong\u00e9e profonde<\/p>\n<\/div>\n<\/div>\n<\/div>\n<div class='shareinpost'><ul class=\"socialwrap row\"><li class=\"iconOnly\"><a  rel='nofollow'  target='_blank'  title='Bookmark this post : Niveau 2 FFESSM on Delicious'  href='http:\/\/delicious.com\/post?url=http%3A%2F%2Faquasub78.fr%2FWordPress3%2F%3Fpage_id%3D169&amp;title=Niveau+2+FFESSM'  ><img  src='http:\/\/aquasub78.fr\/WordPress3\/wp-content\/plugins\/share-and-follow\/images\/blank.gif'  height='32' width='32'  class='image-32' alt='delicious'  style='background: transparent url(http:\/\/aquasub78.fr\/WordPress3\/wp-content\/plugins\/share-and-follow\/default\/32\/sprite-feb-32.png) no-repeat;padding:0;margin:0;height:32px;width:32px;background-position:-231px 0px'   \/> <span class=\"head\">Bookmark on Delicious<\/span><\/a><\/li><li class=\"iconOnly\"><a  rel='nofollow'  target='_blank'  title='Digg this post : Niveau 2 FFESSM'  href='http:\/\/digg.com\/submit?url=http%3A%2F%2Faquasub78.fr%2FWordPress3%2F%3Fpage_id%3D169&amp;title=Niveau+2+FFESSM&amp;bodytext=Titulaire+du+brevet+Plongeur+Niveau+2+%2C+vous+pouvez+partir+plonger+en+autonomie+relative+jusqu%27%C3%A0+20+m%2C+avec+d%27autres+Niveaux+2.%0ALa+zone+des+40+m+vous+devient+%C3%A9galement+accessible%2C+accompagn%C3%A9+par+un+guide+de+palanqu%C3%A9e.%0ALe+Niveau+2+est+le+brevet+qui+vous+permettra+de+pratiquer+la+plong%C3%A9e+en+autonomie+entre+0+et+20+m'  ><img  src='http:\/\/aquasub78.fr\/WordPress3\/wp-content\/plugins\/share-and-follow\/images\/blank.gif'  height='32' width='32'  class='image-32' alt='digg'  style='background: transparent url(http:\/\/aquasub78.fr\/WordPress3\/wp-content\/plugins\/share-and-follow\/default\/32\/sprite-feb-32.png) no-repeat;padding:0;margin:0;height:32px;width:32px;background-position:-297px 0px'   \/> <span class=\"head\">Digg this post<\/span><\/a><\/li><li class=\"iconOnly\"><a  rel='nofollow'  target='_blank'  title='Recommend this post : Niveau 2 FFESSM on Facebook'  href='http:\/\/www.facebook.com\/sharer.php?u=http%3A%2F%2Faquasub78.fr%2FWordPress3%2F%3Fpage_id%3D169&amp;t=Niveau+2+FFESSM'  ><img  src='http:\/\/aquasub78.fr\/WordPress3\/wp-content\/plugins\/share-and-follow\/images\/blank.gif'  height='32' width='32'  class='image-32' alt='facebook'  style='background: transparent url(http:\/\/aquasub78.fr\/WordPress3\/wp-content\/plugins\/share-and-follow\/default\/32\/sprite-feb-32.png) no-repeat;padding:0;margin:0;height:32px;width:32px;background-position:-396px 0px'   \/> <span class=\"head\">Recommend on Facebook<\/span><\/a><\/li><li class=\"iconOnly\"><a  rel='nofollow'  target='_blank'  title='Share this post : Niveau 2 FFESSM on Reddit'  href='http:\/\/www.reddit.com\/submit?url=http%3A%2F%2Faquasub78.fr%2FWordPress3%2F%3Fpage_id%3D169&amp;title=Niveau+2+FFESSM'  ><img  src='http:\/\/aquasub78.fr\/WordPress3\/wp-content\/plugins\/share-and-follow\/images\/blank.gif'  height='32' width='32'  class='image-32' alt='reddit'  style='background: transparent url(http:\/\/aquasub78.fr\/WordPress3\/wp-content\/plugins\/share-and-follow\/default\/32\/sprite-feb-32.png) no-repeat;padding:0;margin:0;height:32px;width:32px;background-position:-1749px 0px'   \/> <span class=\"head\">share via Reddit<\/span><\/a><\/li><li class=\"iconOnly\"><a  rel='nofollow'  target='_blank'  title='Share this post : Niveau 2 FFESSM with Stumblers'  href='http:\/\/www.stumbleupon.com\/submit?url=http%3A%2F%2Faquasub78.fr%2FWordPress3%2F%3Fpage_id%3D169&amp;title=Niveau+2+FFESSM'  ><img  src='http:\/\/aquasub78.fr\/WordPress3\/wp-content\/plugins\/share-and-follow\/images\/blank.gif'  height='32' width='32'  class='image-32' alt='stumble'  style='background: transparent url(http:\/\/aquasub78.fr\/WordPress3\/wp-content\/plugins\/share-and-follow\/default\/32\/sprite-feb-32.png) no-repeat;padding:0;margin:0;height:32px;width:32px;background-position:-1980px 0px'   \/> <span class=\"head\">Share with Stumblers<\/span><\/a><\/li><li class=\"iconOnly\"><a  rel='nofollow'  target='_blank'  title='Tweet this post : Niveau 2 FFESSM on Twitter'  href=\"http:\/\/twitter.com\/share?url=http%3A%2F%2Faquasub78.fr%2FWordPress3%2F%3Fpage_id%3D169&amp;text=\"  ><img  src='http:\/\/aquasub78.fr\/WordPress3\/wp-content\/plugins\/share-and-follow\/images\/blank.gif'  height='32' width='32'  class='image-32' alt='twitter'  style='background: transparent url(http:\/\/aquasub78.fr\/WordPress3\/wp-content\/plugins\/share-and-follow\/default\/32\/sprite-feb-32.png) no-repeat;padding:0;margin:0;height:32px;width:32px;background-position:-132px -33px'   \/> <span class=\"head\">Tweet about it<\/span><\/a><\/li><li class=\"iconOnly\"><a rel=\"_self\" href=\"http:\/\/aquasub78.fr\/WordPress3\/?page_id=169&feed=rss2\" title=\"Follow this post : Niveau 2 FFESSM comments\"><img loading=\"lazy\" decoding=\"async\" src=\"http:\/\/aquasub78.fr\/WordPress3\/wp-content\/plugins\/share-and-follow\/images\/blank.gif\" height=\"32\"  width=\"32\" style=\"background: transparent url(http:\/\/aquasub78.fr\/WordPress3\/wp-content\/plugins\/share-and-follow\/default\/32\/sprite-feb-32.png) no-repeat;padding:0;margin:0;height:32px;width:32px;background-position:-1782px 0px\" class=\"image-32\"  alt=\"rss\" \/> <span class=\"head\">Subscribe to the comments on this post<\/span><\/a><\/li><\/ul><div class=\"clean\"><\/div> <\/div>","protected":false},"excerpt":{"rendered":"<p>Titulaire du brevet Plongeur Niveau 2 , vous pouvez partir plonger en autonomie relative jusqu&rsquo;\u00e0 20 m, avec d&rsquo;autres Niveaux 2. La zone des 40 m vous devient \u00e9galement accessible, accompagn\u00e9 par un guide de palanqu\u00e9e. Le Niveau 2 est le brevet qui vous permettra de pratiquer la plong\u00e9e en autonomie entre 0 et 20 [&hellip;]<\/p>\n","protected":false},"author":1,"featured_media":0,"parent":40,"menu_order":1,"comment_status":"closed","ping_status":"closed","template":"","meta":{"footnotes":""},"_links":{"self":[{"href":"http:\/\/aquasub78.fr\/WordPress3\/index.php?rest_route=\/wp\/v2\/pages\/169"}],"collection":[{"href":"http:\/\/aquasub78.fr\/WordPress3\/index.php?rest_route=\/wp\/v2\/pages"}],"about":[{"href":"http:\/\/aquasub78.fr\/WordPress3\/index.php?rest_route=\/wp\/v2\/types\/page"}],"author":[{"embeddable":true,"href":"http:\/\/aquasub78.fr\/WordPress3\/index.php?rest_route=\/wp\/v2\/users\/1"}],"replies":[{"embeddable":true,"href":"http:\/\/aquasub78.fr\/WordPress3\/index.php?rest_route=%2Fwp%2Fv2%2Fcomments&post=169"}],"version-history":[{"count":3,"href":"http:\/\/aquasub78.fr\/WordPress3\/index.php?rest_route=\/wp\/v2\/pages\/169\/revisions"}],"predecessor-version":[{"id":1381,"href":"http:\/\/aquasub78.fr\/WordPress3\/index.php?rest_route=\/wp\/v2\/pages\/169\/revisions\/1381"}],"up":[{"embeddable":true,"href":"http:\/\/aquasub78.fr\/WordPress3\/index.php?rest_route=\/wp\/v2\/pages\/40"}],"wp:attachment":[{"href":"http:\/\/aquasub78.fr\/WordPress3\/index.php?rest_route=%2Fwp%2Fv2%2Fmedia&parent=169"}],"curies":[{"name":"wp","href":"https:\/\/api.w.org\/{rel}","templated":true}]}}