{"id":27,"date":"2012-01-12T15:42:23","date_gmt":"2012-01-12T14:42:23","guid":{"rendered":"http:\/\/aquasub78.fr\/WordPress3\/?page_id=27"},"modified":"2025-10-26T18:08:44","modified_gmt":"2025-10-26T17:08:44","slug":"activites","status":"publish","type":"page","link":"http:\/\/aquasub78.fr\/WordPress3\/?page_id=27","title":{"rendered":"Activit\u00e9s"},"content":{"rendered":"\n<p><strong>AQUASUB 78<\/strong> propose un ensemble de formations et d&rsquo;activit\u00e9s li\u00e9es \u00e0 la plong\u00e9e sous-marine et \u00e0 la d\u00e9couverte du monde subaquatique.<\/p>\n\n\n\n<p>Pour conna\u00eetre les lieux, les plannings, horaires et cotisations pour la saison RDV ici:\u00a0<\/p>\n\n\n\n<p><a href=\"http:\/\/aquasub78.fr\/WordPress3\/wp-content\/uploads\/2025\/07\/Saison-2025-2026_v1.pdf\" data-type=\"link\" data-id=\"http:\/\/aquasub78.fr\/WordPress3\/wp-content\/uploads\/2025\/07\/Saison-2025-2026_v1.pdf\">http:\/\/aquasub78.fr\/WordPress3\/wp-content\/uploads\/2025\/07\/Saison-2025-2026_v1.pdf<\/a><\/p>\n\n\n\n<p>Cet ensemble peut se r\u00e9sumer en trois th\u00e8mes&nbsp; :<\/p>\n\n\n\n<h3 class=\"wp-block-heading\"><strong>Formations FFESSM<\/strong><\/h3>\n\n\n\n<p>Pr\u00e9paration niveaux de plong\u00e9e enfants et P1 \u00e0 P4<\/p>\n\n\n\n<p>Moniteur : Initiateur \/ Moniteur<\/p>\n\n\n\n<p>Secourisme (RIFAP)<\/p>\n\n\n\n<h3 class=\"wp-block-heading\">&nbsp;<strong>Biologie sous-marine<\/strong><\/h3>\n\n\n\n<p>D\u00e9couverte du milieu sous-marins &#8211; formation ouverte \u00e0 tous, plongeurs et non plongeurs.<\/p>\n\n\n\n<h3 class=\"wp-block-heading\"><strong>Loisir \/ Nage avec palmes \/ Apn\u00e9e<\/strong><\/h3>\n\n\n\n<figure class=\"wp-block-image\"><a href=\"http:\/\/aquasub78.fr\/WordPress3\/wp-content\/uploads\/2012\/07\/Aquasub78-Saison-2012-13.pdf\" target=\"_blank\" rel=\"noopener noreferrer\"><img decoding=\"async\" src=\"https:\/\/encrypted-tbn0.google.com\/images?q=tbn:ANd9GcQ49G7b4bITixMc9RbyqQo-dpqJgexR5A4-q6gD-bzJkJe0fZDcng\" alt=\"\"\/><\/a><\/figure>\n\n\n\n<h4 class=\"wp-block-heading\">&nbsp;<\/h4>\n<div class='shareinpost'><ul class=\"socialwrap row\"><li class=\"iconOnly\"><a  rel='nofollow'  target='_blank'  title='Bookmark this post : Activit\u00e9s on Delicious'  href='http:\/\/delicious.com\/post?url=http%3A%2F%2Faquasub78.fr%2FWordPress3%2F%3Fpage_id%3D27&amp;title=Activit%C3%A9s'  ><img  src='http:\/\/aquasub78.fr\/WordPress3\/wp-content\/plugins\/share-and-follow\/images\/blank.gif'  height='32' width='32'  class='image-32' alt='delicious'  style='background: transparent url(http:\/\/aquasub78.fr\/WordPress3\/wp-content\/plugins\/share-and-follow\/default\/32\/sprite-feb-32.png) no-repeat;padding:0;margin:0;height:32px;width:32px;background-position:-231px 0px'   \/> <span class=\"head\">Bookmark on Delicious<\/span><\/a><\/li><li class=\"iconOnly\"><a  rel='nofollow'  target='_blank'  title='Digg this post : Activit\u00e9s'  href='http:\/\/digg.com\/submit?url=http%3A%2F%2Faquasub78.fr%2FWordPress3%2F%3Fpage_id%3D27&amp;title=Activit%C3%A9s&amp;bodytext=%0AAQUASUB+78+propose+un+ensemble+de+formations+et+d%27activit%C3%A9s+li%C3%A9es+%C3%A0+la+plong%C3%A9e+sous-marine+et+%C3%A0+la+d%C3%A9couverte+du+monde+subaquatique.%0A%0A%0A%0APour+conna%C3%AEtre+les+lieux%2C+les+plannings%2C+horaires+et+cotisations+pour+la+saison+RDV+ici%3A%C2%A0%0A%0A%0A%0Ahttp%3A%2F%2Faquasub78.fr%2FWordPress3%2Fwp-content%2Fuploads%2F2025%2F07%2FSaison-2025-2026_v1.pdf%0A'  ><img  src='http:\/\/aquasub78.fr\/WordPress3\/wp-content\/plugins\/share-and-follow\/images\/blank.gif'  height='32' width='32'  class='image-32' alt='digg'  style='background: transparent url(http:\/\/aquasub78.fr\/WordPress3\/wp-content\/plugins\/share-and-follow\/default\/32\/sprite-feb-32.png) no-repeat;padding:0;margin:0;height:32px;width:32px;background-position:-297px 0px'   \/> <span class=\"head\">Digg this post<\/span><\/a><\/li><li class=\"iconOnly\"><a  rel='nofollow'  target='_blank'  title='Recommend this post : Activit\u00e9s on Facebook'  href='http:\/\/www.facebook.com\/sharer.php?u=http%3A%2F%2Faquasub78.fr%2FWordPress3%2F%3Fpage_id%3D27&amp;t=Activit%C3%A9s'  ><img  src='http:\/\/aquasub78.fr\/WordPress3\/wp-content\/plugins\/share-and-follow\/images\/blank.gif'  height='32' width='32'  class='image-32' alt='facebook'  style='background: transparent url(http:\/\/aquasub78.fr\/WordPress3\/wp-content\/plugins\/share-and-follow\/default\/32\/sprite-feb-32.png) no-repeat;padding:0;margin:0;height:32px;width:32px;background-position:-396px 0px'   \/> <span class=\"head\">Recommend on Facebook<\/span><\/a><\/li><li class=\"iconOnly\"><a  rel='nofollow'  target='_blank'  title='Share this post : Activit\u00e9s on Reddit'  href='http:\/\/www.reddit.com\/submit?url=http%3A%2F%2Faquasub78.fr%2FWordPress3%2F%3Fpage_id%3D27&amp;title=Activit%C3%A9s'  ><img  src='http:\/\/aquasub78.fr\/WordPress3\/wp-content\/plugins\/share-and-follow\/images\/blank.gif'  height='32' width='32'  class='image-32' alt='reddit'  style='background: transparent url(http:\/\/aquasub78.fr\/WordPress3\/wp-content\/plugins\/share-and-follow\/default\/32\/sprite-feb-32.png) no-repeat;padding:0;margin:0;height:32px;width:32px;background-position:-1749px 0px'   \/> <span class=\"head\">share via Reddit<\/span><\/a><\/li><li class=\"iconOnly\"><a  rel='nofollow'  target='_blank'  title='Share this post : Activit\u00e9s with Stumblers'  href='http:\/\/www.stumbleupon.com\/submit?url=http%3A%2F%2Faquasub78.fr%2FWordPress3%2F%3Fpage_id%3D27&amp;title=Activit%C3%A9s'  ><img  src='http:\/\/aquasub78.fr\/WordPress3\/wp-content\/plugins\/share-and-follow\/images\/blank.gif'  height='32' width='32'  class='image-32' alt='stumble'  style='background: transparent url(http:\/\/aquasub78.fr\/WordPress3\/wp-content\/plugins\/share-and-follow\/default\/32\/sprite-feb-32.png) no-repeat;padding:0;margin:0;height:32px;width:32px;background-position:-1980px 0px'   \/> <span class=\"head\">Share with Stumblers<\/span><\/a><\/li><li class=\"iconOnly\"><a  rel='nofollow'  target='_blank'  title='Tweet this post : Activit\u00e9s on Twitter'  href=\"http:\/\/twitter.com\/share?url=http%3A%2F%2Faquasub78.fr%2FWordPress3%2F%3Fpage_id%3D27&amp;text=\"  ><img  src='http:\/\/aquasub78.fr\/WordPress3\/wp-content\/plugins\/share-and-follow\/images\/blank.gif'  height='32' width='32'  class='image-32' alt='twitter'  style='background: transparent url(http:\/\/aquasub78.fr\/WordPress3\/wp-content\/plugins\/share-and-follow\/default\/32\/sprite-feb-32.png) no-repeat;padding:0;margin:0;height:32px;width:32px;background-position:-132px -33px'   \/> <span class=\"head\">Tweet about it<\/span><\/a><\/li><li class=\"iconOnly\"><a rel=\"_self\" href=\"http:\/\/aquasub78.fr\/WordPress3\/?page_id=27&feed=rss2\" title=\"Follow this post : Activit\u00e9s comments\"><img loading=\"lazy\" decoding=\"async\" src=\"http:\/\/aquasub78.fr\/WordPress3\/wp-content\/plugins\/share-and-follow\/images\/blank.gif\" height=\"32\"  width=\"32\" style=\"background: transparent url(http:\/\/aquasub78.fr\/WordPress3\/wp-content\/plugins\/share-and-follow\/default\/32\/sprite-feb-32.png) no-repeat;padding:0;margin:0;height:32px;width:32px;background-position:-1782px 0px\" class=\"image-32\"  alt=\"rss\" \/> <span class=\"head\">Subscribe to the comments on this post<\/span><\/a><\/li><\/ul><div class=\"clean\"><\/div> <\/div>","protected":false},"excerpt":{"rendered":"<p>AQUASUB 78 propose un ensemble de formations et d&rsquo;activit\u00e9s li\u00e9es \u00e0 la plong\u00e9e sous-marine et \u00e0 la d\u00e9couverte du monde subaquatique. Pour conna\u00eetre les lieux, les plannings, horaires et cotisations pour la saison RDV ici:\u00a0 http:\/\/aquasub78.fr\/WordPress3\/wp-content\/uploads\/2025\/07\/Saison-2025-2026_v1.pdf Cet ensemble peut se r\u00e9sumer en trois th\u00e8mes&nbsp; : Formations FFESSM Pr\u00e9paration niveaux de plong\u00e9e enfants et P1 \u00e0 [&hellip;]<\/p>\n","protected":false},"author":1,"featured_media":0,"parent":0,"menu_order":0,"comment_status":"closed","ping_status":"open","template":"","meta":{"footnotes":""},"_links":{"self":[{"href":"http:\/\/aquasub78.fr\/WordPress3\/index.php?rest_route=\/wp\/v2\/pages\/27"}],"collection":[{"href":"http:\/\/aquasub78.fr\/WordPress3\/index.php?rest_route=\/wp\/v2\/pages"}],"about":[{"href":"http:\/\/aquasub78.fr\/WordPress3\/index.php?rest_route=\/wp\/v2\/types\/page"}],"author":[{"embeddable":true,"href":"http:\/\/aquasub78.fr\/WordPress3\/index.php?rest_route=\/wp\/v2\/users\/1"}],"replies":[{"embeddable":true,"href":"http:\/\/aquasub78.fr\/WordPress3\/index.php?rest_route=%2Fwp%2Fv2%2Fcomments&post=27"}],"version-history":[{"count":18,"href":"http:\/\/aquasub78.fr\/WordPress3\/index.php?rest_route=\/wp\/v2\/pages\/27\/revisions"}],"predecessor-version":[{"id":2360,"href":"http:\/\/aquasub78.fr\/WordPress3\/index.php?rest_route=\/wp\/v2\/pages\/27\/revisions\/2360"}],"wp:attachment":[{"href":"http:\/\/aquasub78.fr\/WordPress3\/index.php?rest_route=%2Fwp%2Fv2%2Fmedia&parent=27"}],"curies":[{"name":"wp","href":"https:\/\/api.w.org\/{rel}","templated":true}]}}